{"id":20,"date":"2015-07-29T13:44:44","date_gmt":"2015-07-29T13:44:44","guid":{"rendered":"https:\/\/optimus.qsandbox.com:3443\/app_user\/qsu6361\/site\/prajwol-colormag-newspaper.sites.qsandbox.com\/?page_id=4"},"modified":"2026-04-13T16:20:44","modified_gmt":"2026-04-13T22:20:44","slug":"home","status":"publish","type":"page","link":"https:\/\/legado4t.com\/","title":{"rendered":"Home"},"content":{"rendered":"\n<div class=\"mzb-section mzb-section-31613fae\"><div class=\"mzb-container\"><div class=\"mzb-section-inner\">\n<div class=\"mzb-column mzb-column-1cef2df8\"><div class=\"mzb-column-inner\"><div class=\"mzb-banner-posts mzb-banner-posts-18af6b6e  mzb-heading-layout-6-style-1\"><div class=\"mzb-post-heading mzb-heading-layout-6 mzb-heading-layout-6-style-1\"><h2 class=\"mzb-heading-text\">Destacados<\/h2><\/div><div class=\"mzb-posts mzb-layout-1 mzb-layout-1-style-1\"><div class=\"mzb-post mzb-first-post--highlight\"><div class=\"mzb-featured-image none\"><a href=\"https:\/\/legado4t.com\/index.php\/2026\/04\/16\/encabezan-armenta-y-chedraui-ceremonia-por-aniversario-495-de-puebla\/\" alt=\"Encabezan Armenta y Chedraui ceremonia por aniversario 495 de Puebla\"\/><img decoding=\"async\" src=\"https:\/\/legado4t.com\/wp-content\/uploads\/2026\/04\/WhatsApp-Image-2026-04-16-at-1.37.59-PM-5.jpeg\" alt=\"Encabezan Armenta y Chedraui ceremonia por aniversario 495 de Puebla\"\/><\/a><\/div><div class=\"mzb-post-content\"><div class=\"mzb-post-meta\"><span class=\"mzb-post-categories\"><a href=\"https:\/\/legado4t.com\/index.php\/category\/estados\/\" rel=\"category tag\" class=\"category-link category-link-233\">Estados<\/a><\/span><\/div><h3 class=\"mzb-post-title\"><a href=\"https:\/\/legado4t.com\/index.php\/2026\/04\/16\/encabezan-armenta-y-chedraui-ceremonia-por-aniversario-495-de-puebla\/\">Encabezan Armenta y Chedraui ceremonia por aniversario 495 de Puebla<\/a><\/h3><div class=\"mzb-post-entry-meta mzb-meta-separator--none\"><\/div><\/div><\/div><div class=\"mzb-post\"><div class=\"mzb-featured-image none\"><a href=\"https:\/\/legado4t.com\/index.php\/2026\/04\/16\/puebla-presenta-pepe-chedraui-tren-capitalino-de-pavimentacion\/\" alt=\"Puebla: Presenta Pepe Chedraui Tren Capitalino de Pavimentaci\u00f3n\"\/><img decoding=\"async\" src=\"https:\/\/legado4t.com\/wp-content\/uploads\/2026\/04\/WhatsApp-Image-2026-04-16-at-1.37.17-PM-1.jpeg\" alt=\"Puebla: Presenta Pepe Chedraui Tren Capitalino de Pavimentaci\u00f3n\"\/><\/a><\/div><div class=\"mzb-post-content\"><div class=\"mzb-post-meta\"><span class=\"mzb-post-categories\"><a href=\"https:\/\/legado4t.com\/index.php\/category\/estados\/\" rel=\"category tag\" class=\"category-link category-link-233\">Estados<\/a><\/span><\/div><h3 class=\"mzb-post-title\"><a href=\"https:\/\/legado4t.com\/index.php\/2026\/04\/16\/puebla-presenta-pepe-chedraui-tren-capitalino-de-pavimentacion\/\">Puebla: Presenta Pepe Chedraui Tren Capitalino de Pavimentaci\u00f3n<\/a><\/h3><div class=\"mzb-post-entry-meta mzb-meta-separator--none\"><\/div><\/div><\/div><div class=\"mzb-post\"><div class=\"mzb-featured-image none\"><a href=\"https:\/\/legado4t.com\/index.php\/2026\/04\/14\/catar-presiona-a-potencias-para-detener-la-guerra-y-reabrir-ormuz\/\" alt=\"Catar presiona a potencias para detener la guerra y reabrir Ormuz\"\/><img decoding=\"async\" src=\"https:\/\/legado4t.com\/wp-content\/uploads\/2026\/04\/estrecho-ormuz.webp\" alt=\"Catar presiona a potencias para detener la guerra y reabrir Ormuz\"\/><\/a><\/div><div class=\"mzb-post-content\"><div class=\"mzb-post-meta\"><span class=\"mzb-post-categories\"><a href=\"https:\/\/legado4t.com\/index.php\/category\/internacional\/\" rel=\"category tag\" class=\"category-link category-link-230\">Internacional<\/a><\/span><\/div><h3 class=\"mzb-post-title\"><a href=\"https:\/\/legado4t.com\/index.php\/2026\/04\/14\/catar-presiona-a-potencias-para-detener-la-guerra-y-reabrir-ormuz\/\">Catar presiona a potencias para detener la guerra y reabrir Ormuz<\/a><\/h3><div class=\"mzb-post-entry-meta mzb-meta-separator--none\"><\/div><\/div><\/div><div class=\"mzb-post\"><div class=\"mzb-featured-image none\"><a href=\"https:\/\/legado4t.com\/index.php\/2026\/04\/14\/la-estrategia-de-paz-funciona-gobierno-de-sheinbaum-desploma-las-cifras-de-homicidios\/\" alt=\"La estrategia de paz funciona: Gobierno de Sheinbaum desploma las cifras de homicidios\"\/><img decoding=\"async\" src=\"https:\/\/legado4t.com\/wp-content\/uploads\/2026\/04\/homicidios_en_m-xico_bajan_41-_en_18_meses_marzo_de_2026_reporta_menor_incidencia_en_11_a-os.jpg_1909828379.webp\" alt=\"La estrategia de paz funciona: Gobierno de Sheinbaum desploma las cifras de homicidios\"\/><\/a><\/div><div class=\"mzb-post-content\"><div class=\"mzb-post-meta\"><span class=\"mzb-post-categories\"><a href=\"https:\/\/legado4t.com\/index.php\/category\/mexico\/\" rel=\"category tag\" class=\"category-link category-link-235\">M\u00e9xico<\/a><\/span><\/div><h3 class=\"mzb-post-title\"><a href=\"https:\/\/legado4t.com\/index.php\/2026\/04\/14\/la-estrategia-de-paz-funciona-gobierno-de-sheinbaum-desploma-las-cifras-de-homicidios\/\">La estrategia de paz funciona: Gobierno de Sheinbaum desploma las cifras de homicidios<\/a><\/h3><div class=\"mzb-post-entry-meta mzb-meta-separator--none\"><\/div><\/div><\/div><\/div><\/div><\/div><\/div>\n<\/div><\/div><\/div>\n\n\n\n<div class=\"mzb-section mzb-section-39f6ab7e\"><div class=\"mzb-container\"><div class=\"mzb-section-inner\">\n<div class=\"mzb-column mzb-column-f3e97af9\"><div class=\"mzb-column-inner\">\n<div class=\"mzb-section mzb-section-175fa2ac\"><div class=\"mzb-container\"><div class=\"mzb-section-inner\">\n<div class=\"mzb-column mzb-column-86299f7b\"><div class=\"mzb-column-inner\"><\/div><\/div>\n\n\n\n<div class=\"mzb-column mzb-column-e6d4588f\"><div class=\"mzb-column-inner\"><\/div><\/div>\n<\/div><\/div><\/div>\n\n\n\n<div class=\"mzb-advertisement mzb-advertisement-dece96b4\"><div class=\"mzb-advertisement-content\"><div class=\"mzb-advertisement-970x90\"><a href=\"https:\/\/dif.pueblacapital.gob.mx\" target=\"_blank\"><img loading=\"lazy\" decoding=\"async\" width=\"1200\" height=\"150\" class=\"wp-image-4067\" src=\"https:\/\/legado4t.com\/wp-content\/uploads\/2026\/04\/1200x150.jpg-1.jpeg\" alt=\"\" srcset=\"https:\/\/legado4t.com\/wp-content\/uploads\/2026\/04\/1200x150.jpg-1.jpeg 1200w, https:\/\/legado4t.com\/wp-content\/uploads\/2026\/04\/1200x150.jpg-1-300x38.jpeg 300w, https:\/\/legado4t.com\/wp-content\/uploads\/2026\/04\/1200x150.jpg-1-1024x128.jpeg 1024w, https:\/\/legado4t.com\/wp-content\/uploads\/2026\/04\/1200x150.jpg-1-768x96.jpeg 768w\" sizes=\"auto, (max-width: 1200px) 100vw, 1200px\" \/><\/a><\/div><\/div><\/div>\n\n\n\n<div class=\"mzb-section mzb-section-02735b1a\"><div class=\"mzb-container\"><div class=\"mzb-section-inner\">\n<div class=\"mzb-column mzb-column-5457c344\"><div class=\"mzb-column-inner\"><div class=\"mzb-banner-posts mzb-banner-posts-a13c46ed  mzb-heading-layout-1-style-1\"><div class=\"mzb-post-heading mzb-heading-layout-1 mzb-heading-layout-1-style-1\"><h2 class=\"mzb-heading-text\">Internacional<\/h2><\/div><div class=\"mzb-posts mzb-layout-4 mzb-layout-4-style-2\"><div class=\"mzb-post mzb-first-post--highlight\"><div class=\"mzb-featured-image none\"><a href=\"https:\/\/legado4t.com\/index.php\/2026\/04\/14\/trump-bloquea-el-dialogo-nuclear-y-asfixia-puertos-de-iran\/\" alt=\"Trump bloquea el di\u00e1logo nuclear y asfixia puertos de Ir\u00e1n\"\/><img decoding=\"async\" src=\"https:\/\/legado4t.com\/wp-content\/uploads\/2026\/04\/1x-1.webp\" alt=\"Trump bloquea el di\u00e1logo nuclear y asfixia puertos de Ir\u00e1n\"\/><\/a><\/div><div class=\"mzb-post-content\"><div class=\"mzb-post-meta\"><span class=\"mzb-post-categories\"><a href=\"https:\/\/legado4t.com\/index.php\/category\/internacional\/\" rel=\"category tag\" class=\"category-link category-link-230\">Internacional<\/a><\/span><\/div><h3 class=\"mzb-post-title\"><a href=\"https:\/\/legado4t.com\/index.php\/2026\/04\/14\/trump-bloquea-el-dialogo-nuclear-y-asfixia-puertos-de-iran\/\">Trump bloquea el di\u00e1logo nuclear y asfixia puertos de Ir\u00e1n<\/a><\/h3><div class=\"mzb-post-entry-meta mzb-meta-separator--none\"><span class=\"mzb-post-date\"><svg class=\"mzb-icon mzb-icon--calender\" xmlns=\"http:\/\/www.w3.org\/2000\/svg\" viewBox=\"0 0 14 14\">\n                <path d=\"M1.892 12.929h10.214V5.5H1.892v7.429zm2.786-8.822v-2.09a.226.226 0 00-.066-.166.226.226 0 00-.166-.065H3.98a.226.226 0 00-.167.065.226.226 0 00-.065.167v2.09c0 .067.022.122.065.166.044.044.1.065.167.065h.465a.226.226 0 00.166-.065.226.226 0 00.066-.167zm5.571 0v-2.09a.226.226 0 00-.065-.166.226.226 0 00-.167-.065h-.464a.226.226 0 00-.167.065.226.226 0 00-.065.167v2.09c0 .067.021.122.065.166.043.044.099.065.167.065h.464a.226.226 0 00.167-.065.226.226 0 00.065-.167zm2.786-.464v9.286c0 .251-.092.469-.276.652a.892.892 0 01-.653.276H1.892a.892.892 0 01-.653-.275.892.892 0 01-.276-.653V3.643c0-.252.092-.47.276-.653a.892.892 0 01.653-.276h.929v-.696c0-.32.113-.593.34-.82.228-.227.501-.34.82-.34h.465c.319 0 .592.113.82.34.227.227.34.5.34.82v.696h2.786v-.696c0-.32.114-.593.34-.82.228-.227.501-.34.82-.34h.465c.32 0 .592.113.82.34.227.227.34.5.34.82v.696h.93c.25 0 .468.092.652.276a.892.892 0 01.276.653z\" \/>\n            <\/svg><a href=\"https:\/\/legado4t.com\/index.php\/2026\/04\/14\/trump-bloquea-el-dialogo-nuclear-y-asfixia-puertos-de-iran\/\">14 abril, 2026<\/a><\/span><\/div><\/div><\/div><div class=\"mzb-post\"><div class=\"mzb-featured-image none\"><a href=\"https:\/\/legado4t.com\/index.php\/2026\/04\/14\/catar-presiona-a-potencias-para-detener-la-guerra-y-reabrir-ormuz\/\" alt=\"Catar presiona a potencias para detener la guerra y reabrir Ormuz\"\/><img decoding=\"async\" src=\"https:\/\/legado4t.com\/wp-content\/uploads\/2026\/04\/estrecho-ormuz.webp\" alt=\"Catar presiona a potencias para detener la guerra y reabrir Ormuz\"\/><\/a><\/div><div class=\"mzb-post-content\"><div class=\"mzb-post-meta\"><span class=\"mzb-post-categories\"><a href=\"https:\/\/legado4t.com\/index.php\/category\/internacional\/\" rel=\"category tag\" class=\"category-link category-link-230\">Internacional<\/a><\/span><\/div><h3 class=\"mzb-post-title\"><a href=\"https:\/\/legado4t.com\/index.php\/2026\/04\/14\/catar-presiona-a-potencias-para-detener-la-guerra-y-reabrir-ormuz\/\">Catar presiona a potencias para detener la guerra y reabrir Ormuz<\/a><\/h3><div class=\"mzb-post-entry-meta mzb-meta-separator--none\"><span class=\"mzb-post-date\"><svg class=\"mzb-icon mzb-icon--calender\" xmlns=\"http:\/\/www.w3.org\/2000\/svg\" viewBox=\"0 0 14 14\">\n                <path d=\"M1.892 12.929h10.214V5.5H1.892v7.429zm2.786-8.822v-2.09a.226.226 0 00-.066-.166.226.226 0 00-.166-.065H3.98a.226.226 0 00-.167.065.226.226 0 00-.065.167v2.09c0 .067.022.122.065.166.044.044.1.065.167.065h.465a.226.226 0 00.166-.065.226.226 0 00.066-.167zm5.571 0v-2.09a.226.226 0 00-.065-.166.226.226 0 00-.167-.065h-.464a.226.226 0 00-.167.065.226.226 0 00-.065.167v2.09c0 .067.021.122.065.166.043.044.099.065.167.065h.464a.226.226 0 00.167-.065.226.226 0 00.065-.167zm2.786-.464v9.286c0 .251-.092.469-.276.652a.892.892 0 01-.653.276H1.892a.892.892 0 01-.653-.275.892.892 0 01-.276-.653V3.643c0-.252.092-.47.276-.653a.892.892 0 01.653-.276h.929v-.696c0-.32.113-.593.34-.82.228-.227.501-.34.82-.34h.465c.319 0 .592.113.82.34.227.227.34.5.34.82v.696h2.786v-.696c0-.32.114-.593.34-.82.228-.227.501-.34.82-.34h.465c.32 0 .592.113.82.34.227.227.34.5.34.82v.696h.93c.25 0 .468.092.652.276a.892.892 0 01.276.653z\" \/>\n            <\/svg><a href=\"https:\/\/legado4t.com\/index.php\/2026\/04\/14\/catar-presiona-a-potencias-para-detener-la-guerra-y-reabrir-ormuz\/\">14 abril, 2026<\/a><\/span><\/div><\/div><\/div><div class=\"mzb-post\"><div class=\"mzb-featured-image none\"><a href=\"https:\/\/legado4t.com\/index.php\/2026\/04\/07\/la-salud-es-un-derecho-del-pueblo-el-verdadero-significado-del-siete-de-abril\/\" alt=\"La salud es un derecho del pueblo: El verdadero significado del siete de abril\"\/><img decoding=\"async\" src=\"https:\/\/legado4t.com\/wp-content\/uploads\/2026\/04\/3RB6MRDJJZBZXLCER4P4KITTWE.avif\" alt=\"La salud es un derecho del pueblo: El verdadero significado del siete de abril\"\/><\/a><\/div><div class=\"mzb-post-content\"><div class=\"mzb-post-meta\"><span class=\"mzb-post-categories\"><a href=\"https:\/\/legado4t.com\/index.php\/category\/internacional\/\" rel=\"category tag\" class=\"category-link category-link-230\">Internacional<\/a><\/span><\/div><h3 class=\"mzb-post-title\"><a href=\"https:\/\/legado4t.com\/index.php\/2026\/04\/07\/la-salud-es-un-derecho-del-pueblo-el-verdadero-significado-del-siete-de-abril\/\">La salud es un derecho del pueblo: El verdadero significado del siete de abril<\/a><\/h3><div class=\"mzb-post-entry-meta mzb-meta-separator--none\"><span class=\"mzb-post-date\"><svg class=\"mzb-icon mzb-icon--calender\" xmlns=\"http:\/\/www.w3.org\/2000\/svg\" viewBox=\"0 0 14 14\">\n                <path d=\"M1.892 12.929h10.214V5.5H1.892v7.429zm2.786-8.822v-2.09a.226.226 0 00-.066-.166.226.226 0 00-.166-.065H3.98a.226.226 0 00-.167.065.226.226 0 00-.065.167v2.09c0 .067.022.122.065.166.044.044.1.065.167.065h.465a.226.226 0 00.166-.065.226.226 0 00.066-.167zm5.571 0v-2.09a.226.226 0 00-.065-.166.226.226 0 00-.167-.065h-.464a.226.226 0 00-.167.065.226.226 0 00-.065.167v2.09c0 .067.021.122.065.166.043.044.099.065.167.065h.464a.226.226 0 00.167-.065.226.226 0 00.065-.167zm2.786-.464v9.286c0 .251-.092.469-.276.652a.892.892 0 01-.653.276H1.892a.892.892 0 01-.653-.275.892.892 0 01-.276-.653V3.643c0-.252.092-.47.276-.653a.892.892 0 01.653-.276h.929v-.696c0-.32.113-.593.34-.82.228-.227.501-.34.82-.34h.465c.319 0 .592.113.82.34.227.227.34.5.34.82v.696h2.786v-.696c0-.32.114-.593.34-.82.228-.227.501-.34.82-.34h.465c.32 0 .592.113.82.34.227.227.34.5.34.82v.696h.93c.25 0 .468.092.652.276a.892.892 0 01.276.653z\" \/>\n            <\/svg><a href=\"https:\/\/legado4t.com\/index.php\/2026\/04\/07\/la-salud-es-un-derecho-del-pueblo-el-verdadero-significado-del-siete-de-abril\/\">7 abril, 2026<\/a><\/span><\/div><\/div><\/div><div class=\"mzb-post\"><div class=\"mzb-featured-image none\"><a href=\"https:\/\/legado4t.com\/index.php\/2026\/04\/07\/amenaza-imperial-trump-advierte-que-destruira-a-toda-la-civilizacion-irani\/\" alt=\"Amenaza imperial: Trump advierte que destruir\u00e1 a toda la civilizaci\u00f3n iran\u00ed\"\/><img decoding=\"async\" src=\"https:\/\/legado4t.com\/wp-content\/uploads\/2026\/04\/trump_lanza_advertencia_a_irxn_esta_noche_morirx_toda_una_civilizacixnx_version1775569691414.jpg_473844310.webp\" alt=\"Amenaza imperial: Trump advierte que destruir\u00e1 a toda la civilizaci\u00f3n iran\u00ed\"\/><\/a><\/div><div class=\"mzb-post-content\"><div class=\"mzb-post-meta\"><span class=\"mzb-post-categories\"><a href=\"https:\/\/legado4t.com\/index.php\/category\/internacional\/\" rel=\"category tag\" class=\"category-link category-link-230\">Internacional<\/a><\/span><\/div><h3 class=\"mzb-post-title\"><a href=\"https:\/\/legado4t.com\/index.php\/2026\/04\/07\/amenaza-imperial-trump-advierte-que-destruira-a-toda-la-civilizacion-irani\/\">Amenaza imperial: Trump advierte que destruir\u00e1 a toda la civilizaci\u00f3n iran\u00ed<\/a><\/h3><div class=\"mzb-post-entry-meta mzb-meta-separator--none\"><span class=\"mzb-post-date\"><svg class=\"mzb-icon mzb-icon--calender\" xmlns=\"http:\/\/www.w3.org\/2000\/svg\" viewBox=\"0 0 14 14\">\n                <path d=\"M1.892 12.929h10.214V5.5H1.892v7.429zm2.786-8.822v-2.09a.226.226 0 00-.066-.166.226.226 0 00-.166-.065H3.98a.226.226 0 00-.167.065.226.226 0 00-.065.167v2.09c0 .067.022.122.065.166.044.044.1.065.167.065h.465a.226.226 0 00.166-.065.226.226 0 00.066-.167zm5.571 0v-2.09a.226.226 0 00-.065-.166.226.226 0 00-.167-.065h-.464a.226.226 0 00-.167.065.226.226 0 00-.065.167v2.09c0 .067.021.122.065.166.043.044.099.065.167.065h.464a.226.226 0 00.167-.065.226.226 0 00.065-.167zm2.786-.464v9.286c0 .251-.092.469-.276.652a.892.892 0 01-.653.276H1.892a.892.892 0 01-.653-.275.892.892 0 01-.276-.653V3.643c0-.252.092-.47.276-.653a.892.892 0 01.653-.276h.929v-.696c0-.32.113-.593.34-.82.228-.227.501-.34.82-.34h.465c.319 0 .592.113.82.34.227.227.34.5.34.82v.696h2.786v-.696c0-.32.114-.593.34-.82.228-.227.501-.34.82-.34h.465c.32 0 .592.113.82.34.227.227.34.5.34.82v.696h.93c.25 0 .468.092.652.276a.892.892 0 01.276.653z\" \/>\n            <\/svg><a href=\"https:\/\/legado4t.com\/index.php\/2026\/04\/07\/amenaza-imperial-trump-advierte-que-destruira-a-toda-la-civilizacion-irani\/\">7 abril, 2026<\/a><\/span><\/div><\/div><\/div><div class=\"mzb-post\"><div class=\"mzb-featured-image none\"><a href=\"https:\/\/legado4t.com\/index.php\/2026\/04\/06\/iran-rechaza-treguas-enganosas-y-exige-paz-definitiva\/\" alt=\"Ir\u00e1n rechaza treguas enga\u00f1osas y exige paz definitiva\"\/><img decoding=\"async\" src=\"https:\/\/legado4t.com\/wp-content\/uploads\/2026\/04\/Iran-6-abril-1024x683-1.jpg\" alt=\"Ir\u00e1n rechaza treguas enga\u00f1osas y exige paz definitiva\"\/><\/a><\/div><div class=\"mzb-post-content\"><div class=\"mzb-post-meta\"><span class=\"mzb-post-categories\"><a href=\"https:\/\/legado4t.com\/index.php\/category\/internacional\/\" rel=\"category tag\" class=\"category-link category-link-230\">Internacional<\/a><\/span><\/div><h3 class=\"mzb-post-title\"><a href=\"https:\/\/legado4t.com\/index.php\/2026\/04\/06\/iran-rechaza-treguas-enganosas-y-exige-paz-definitiva\/\">Ir\u00e1n rechaza treguas enga\u00f1osas y exige paz definitiva<\/a><\/h3><div class=\"mzb-post-entry-meta mzb-meta-separator--none\"><span class=\"mzb-post-date\"><svg class=\"mzb-icon mzb-icon--calender\" xmlns=\"http:\/\/www.w3.org\/2000\/svg\" viewBox=\"0 0 14 14\">\n                <path d=\"M1.892 12.929h10.214V5.5H1.892v7.429zm2.786-8.822v-2.09a.226.226 0 00-.066-.166.226.226 0 00-.166-.065H3.98a.226.226 0 00-.167.065.226.226 0 00-.065.167v2.09c0 .067.022.122.065.166.044.044.1.065.167.065h.465a.226.226 0 00.166-.065.226.226 0 00.066-.167zm5.571 0v-2.09a.226.226 0 00-.065-.166.226.226 0 00-.167-.065h-.464a.226.226 0 00-.167.065.226.226 0 00-.065.167v2.09c0 .067.021.122.065.166.043.044.099.065.167.065h.464a.226.226 0 00.167-.065.226.226 0 00.065-.167zm2.786-.464v9.286c0 .251-.092.469-.276.652a.892.892 0 01-.653.276H1.892a.892.892 0 01-.653-.275.892.892 0 01-.276-.653V3.643c0-.252.092-.47.276-.653a.892.892 0 01.653-.276h.929v-.696c0-.32.113-.593.34-.82.228-.227.501-.34.82-.34h.465c.319 0 .592.113.82.34.227.227.34.5.34.82v.696h2.786v-.696c0-.32.114-.593.34-.82.228-.227.501-.34.82-.34h.465c.32 0 .592.113.82.34.227.227.34.5.34.82v.696h.93c.25 0 .468.092.652.276a.892.892 0 01.276.653z\" \/>\n            <\/svg><a href=\"https:\/\/legado4t.com\/index.php\/2026\/04\/06\/iran-rechaza-treguas-enganosas-y-exige-paz-definitiva\/\">6 abril, 2026<\/a><\/span><\/div><\/div><\/div><\/div><\/div><\/div><\/div>\n<\/div><\/div><\/div>\n<\/div><\/div>\n\n\n\n<div class=\"mzb-column mzb-column-13b8ceb5\"><div class=\"mzb-column-inner\">\n\n\n<div class=\"mzb-advertisement mzb-advertisement-03896bd1\"><div class=\"mzb-advertisement-content\"><div class=\"mzb-advertisement-250x250\"><a href=\"https:\/\/mujeresimparables.pueblacapital.gob.mx\/\" target=\"_blank\"><img loading=\"lazy\" decoding=\"async\" class=\"wp-image-4064\" src=\"https:\/\/legado4t.com\/wp-content\/uploads\/2026\/04\/800x800_Mesa-de-trabajo-1.jpg-scaled.jpeg\" alt=\"\" height=\"2560\" width=\"2560\" srcset=\"https:\/\/legado4t.com\/wp-content\/uploads\/2026\/04\/800x800_Mesa-de-trabajo-1.jpg-scaled.jpeg 2560w, https:\/\/legado4t.com\/wp-content\/uploads\/2026\/04\/800x800_Mesa-de-trabajo-1.jpg-300x300.jpeg 300w, https:\/\/legado4t.com\/wp-content\/uploads\/2026\/04\/800x800_Mesa-de-trabajo-1.jpg-1024x1024.jpeg 1024w, https:\/\/legado4t.com\/wp-content\/uploads\/2026\/04\/800x800_Mesa-de-trabajo-1.jpg-150x150.jpeg 150w, https:\/\/legado4t.com\/wp-content\/uploads\/2026\/04\/800x800_Mesa-de-trabajo-1.jpg-768x768.jpeg 768w, https:\/\/legado4t.com\/wp-content\/uploads\/2026\/04\/800x800_Mesa-de-trabajo-1.jpg-1536x1536.jpeg 1536w, https:\/\/legado4t.com\/wp-content\/uploads\/2026\/04\/800x800_Mesa-de-trabajo-1.jpg-2048x2048.jpeg 2048w\" sizes=\"auto, (max-width: 2560px) 100vw, 2560px\" \/><\/a><\/div><\/div><\/div>\n\n\n\n\n\n<div class=\"mzb-advertisement mzb-advertisement-23c7d6fa\"><div class=\"mzb-advertisement-content\"><div class=\"mzb-advertisement-250x250\"><a href=\"https:\/\/tucreditoimparable.pueblacapital.gob.mx\/inicio\" target=\"_blank\"><img loading=\"lazy\" decoding=\"async\" class=\"wp-image-4043\" src=\"https:\/\/legado4t.com\/wp-content\/uploads\/2026\/04\/800X800.jpg.jpeg\" alt=\"\" height=\"800\" width=\"800\" srcset=\"https:\/\/legado4t.com\/wp-content\/uploads\/2026\/04\/800X800.jpg.jpeg 800w, https:\/\/legado4t.com\/wp-content\/uploads\/2026\/04\/800X800.jpg-300x300.jpeg 300w, https:\/\/legado4t.com\/wp-content\/uploads\/2026\/04\/800X800.jpg-150x150.jpeg 150w, https:\/\/legado4t.com\/wp-content\/uploads\/2026\/04\/800X800.jpg-768x768.jpeg 768w\" sizes=\"auto, (max-width: 800px) 100vw, 800px\" \/><\/a><\/div><\/div><\/div>\n<\/div><\/div>\n<\/div><\/div><\/div>\n\n\n\n<hr class=\"wp-block-separator has-alpha-channel-opacity is-style-default\" style=\"margin-top:var(--wp--preset--spacing--50);margin-bottom:var(--wp--preset--spacing--50)\"\/>\n\n\n\n<div class=\"mzb-advertisement mzb-advertisement-ed83327c\"><div class=\"mzb-advertisement-content\"><div class=\"mzb-advertisement-970x90\"><a href=\"https:\/\/mujeresimparables.pueblacapital.gob.mx\/\" target=\"_blank\"><img loading=\"lazy\" decoding=\"async\" class=\"wp-image-4066\" src=\"https:\/\/legado4t.com\/wp-content\/uploads\/2026\/04\/1200x150_Mesa-de-trabajo-1.jpg-scaled.jpeg\" alt=\"\" height=\"320\" width=\"2560\" srcset=\"https:\/\/legado4t.com\/wp-content\/uploads\/2026\/04\/1200x150_Mesa-de-trabajo-1.jpg-scaled.jpeg 2560w, https:\/\/legado4t.com\/wp-content\/uploads\/2026\/04\/1200x150_Mesa-de-trabajo-1.jpg-300x38.jpeg 300w, https:\/\/legado4t.com\/wp-content\/uploads\/2026\/04\/1200x150_Mesa-de-trabajo-1.jpg-1024x128.jpeg 1024w, https:\/\/legado4t.com\/wp-content\/uploads\/2026\/04\/1200x150_Mesa-de-trabajo-1.jpg-768x96.jpeg 768w, https:\/\/legado4t.com\/wp-content\/uploads\/2026\/04\/1200x150_Mesa-de-trabajo-1.jpg-1536x192.jpeg 1536w, https:\/\/legado4t.com\/wp-content\/uploads\/2026\/04\/1200x150_Mesa-de-trabajo-1.jpg-2048x256.jpeg 2048w\" sizes=\"auto, (max-width: 2560px) 100vw, 2560px\" \/><\/a><\/div><\/div><\/div>\n","protected":false},"excerpt":{"rendered":"","protected":false},"author":1,"featured_media":0,"parent":0,"menu_order":0,"comment_status":"open","ping_status":"closed","template":"page-templates\/page-builder.php","meta":{"colormag_page_container_layout":"no_sidebar_full_width","colormag_page_sidebar_layout":"no_sidebar","footnotes":""},"class_list":["post-20","page","type-page","status-publish","hentry"],"magazineBlocksPostFeaturedMedia":{"thumbnail":false,"medium":false,"medium_large":false,"large":false,"1536x1536":false,"2048x2048":false,"colormag-highlighted-post":false,"colormag-featured-post-medium":false,"colormag-featured-post-small":false,"colormag-featured-image":false,"colormag-default-news":false,"colormag-featured-image-large":false},"magazineBlocksPostAuthor":{"name":"admin","avatar":"https:\/\/secure.gravatar.com\/avatar\/5512d656c76dad442f14984fa179514a1dfd5266572a1079b2f5c729fa77574c?s=96&d=mm&r=g"},"magazineBlocksPostCommentsNumber":"0","magazineBlocksPostExcerpt":"","magazineBlocksPostCategories":[],"magazineBlocksPostViewCount":0,"magazineBlocksPostReadTime":0,"_links":{"self":[{"href":"https:\/\/legado4t.com\/index.php\/wp-json\/wp\/v2\/pages\/20","targetHints":{"allow":["GET"]}}],"collection":[{"href":"https:\/\/legado4t.com\/index.php\/wp-json\/wp\/v2\/pages"}],"about":[{"href":"https:\/\/legado4t.com\/index.php\/wp-json\/wp\/v2\/types\/page"}],"author":[{"embeddable":true,"href":"https:\/\/legado4t.com\/index.php\/wp-json\/wp\/v2\/users\/1"}],"replies":[{"embeddable":true,"href":"https:\/\/legado4t.com\/index.php\/wp-json\/wp\/v2\/comments?post=20"}],"version-history":[{"count":26,"href":"https:\/\/legado4t.com\/index.php\/wp-json\/wp\/v2\/pages\/20\/revisions"}],"predecessor-version":[{"id":4069,"href":"https:\/\/legado4t.com\/index.php\/wp-json\/wp\/v2\/pages\/20\/revisions\/4069"}],"wp:attachment":[{"href":"https:\/\/legado4t.com\/index.php\/wp-json\/wp\/v2\/media?parent=20"}],"curies":[{"name":"wp","href":"https:\/\/api.w.org\/{rel}","templated":true}]}}